 + 4. Suppose -5*b - 2*v + 26 = -1, -4*b = -3*v - 17. Let y be d(b). Let h = 8 - y. What is the remainder when 7 is divided by h?
3
Suppose 2*v - 16 = 6*v, 2*h - v = 12. Suppose -h*b + 2*b = -34. Suppose 0*a = -5*a + 45. Calculate the remainder when b is divided by a.
8
Let b(s) = s**2 - 7*s. Let f be b(8). Let a be f - (4 + 2/(-2)). Suppose -44 = l - a*l. Calculate the remainder when 20 is divided by l.
9
Let u(y) = -16*y. What is the remainder when u(-1) is divided by 9?
7
Let z be 33/(4/((-24)/(-9))). Suppose -5*u = 4*x - 26, 0*u + 4*x = -3*u + z. Calculate the remainder when (1 + u)/((-6)/(-32)) is divided by 6.
4
Let j(f) = 2*f + 15*f**2 + 2*f - 5*f + 2*f. Calculate the remainder when 29 is divided by j(1).
13
Let l(k) = k**2 - 37. What is the remainder when 21 is divided by l(-7)?
9
Let r be (9/18)/(1/6). Calculate the remainder when 59 is divided by (4 + 9 - r)*2.
19
Let l(z) = -z**3 + 3*z**2 + 3*z. Let o be (-2)/(-4)*(-3 - -1). Let a = o - -4. Calculate the remainder when 25 is divided by l(a).
7
Let p(c) = -c**3 + 9*c**2 + 4*c - 11. Let f be p(8). Suppose -5*r + f = -2*g, 0*g - g + 24 = r. Calculate the remainder when r is divided by 10.
9
Let j(g) = -8*g - 2. Let c be j(-5). Let b = -25 + c. Calculate the remainder when 38 is divided by b.
12
Suppose 0 = 2*l - 4, 54 = 4*t - 0*t + 5*l. Calculate the remainder when 43 is divided by t.
10
Suppose a = -b + 39, -2*a - 17 + 95 = -4*b. Suppose 2*y + y - a = 0. What is the remainder when y is divided by 7?
6
Let z be (8 - 7)/((-2)/(-10)). Suppose -5*f + 172 - 12 = 0. Suppose 0 = -y + z + f. Calculate the remainder when y is divided by 13.
11
Let w(p) = -p + 5. Let l be w(5). Let b(d) = 2*d**2 - 5*d. Let r be b(6). Suppose 4*c + 4*t - r - 62 = l, 2*t = 0. What is the remainder when c is divided by 9?
8
Let k(h) = -h**2 - 5*h + 3. Let r(m) = m**3 - 4*m**2 - 5*m - 3. Let l be r(5). What is the remainder when 24 is divided by k(l)?
6
What is the remainder when (17/(-4))/(1/(-4)) is divided by (7/(28/12) - 8)*-2?
7
Calculate the remainder when 47 + (-5)/(-5)*-1 is divided by 28.
18
Calculate the remainder when 22 is divided by (1 + 10 - 0) + 3.
8
Let n(p) = 27*p**2 + p - 3. Calculate the remainder when n(-2) is divided by 21.
19
Suppose 86 = f + f. Suppose -48 - 12 = -4*v. What is the remainder when f is divided by v?
13
Suppose 73 = 35*u - 34*u. Calculate the remainder when u is divided by 22.
7
Suppose -194 = -5*x + 126. Calculate the remainder when x is divided by 16 + 2 - (0 - 4).
20
Suppose 3*l + 4 = 13. Calculate the remainder when 16 is divided by l.
1
Let q(i) = i**2 + 5*i + 3. Let n be q(-5). Suppose -n*s - 18 = -84. Calculate the remainder when s is divided by 8.
6
Let o(w) = w - 2. Let n be o(2). Let j(s) = -s**3 + s**2 - s + 52. What is the remainder when j(n) is divided by 27?
25
Let k be (-2)/(-8) + 39/(-12). Calculate the remainder when ((-3)/(-2))/k*-166 is divided by 28.
27
Suppose 7*m - 260 = 2*m. Suppose -3*d + m = -17. Calculate the remainder when d is divided by 12.
11
Let f be (3*-7)/(-3)*5. Let o = -78 - -135. Let s = o - f. Calculate the remainder when s is divided by 12.
10
Let p = -18 + 34. Let v be -4*1/(-2) + -2. Let k(y) = -y + 6. Calculate the remainder when p is divided by k(v).
4
Suppose 5*i - 116 = 149. Suppose 0 = 4*t - 2*t - 28. Calculate the remainder when i is divided by t.
11
Let r = 81 + -56. Let s(q) = q**3 + 4*q**2 - 2*q + 1. What is the remainder when r is divided by s(-4)?
7
Suppose -3*q = -3*n - 48, 4*q + n - 67 = 2*n. What is the remainder when 50 is divided by q?
16
Suppose -12 = -o + 8. Calculate the remainder when o is divided by 11.
9
What is the remainder when 57 is divided by 4*(4/40 + 0)*25?
7
Suppose -5*s + 5 = 0, s - 6*s = -2*n + 35. Calculate the remainder when 31 is divided by n.
11
Let g(d) be the first derivative of -d**4/4 - d**2/2 - 12*d + 1. Let l be g(0). Let v = -2 - l. Calculate the remainder when 28 is divided by v.
8
Let f(d) = 4*d**2 - d + 3. What is the remainder when f(2) is divided by 6?
5
Suppose 3*s + 35 + 19 = 0. Let h = 34 + s. Suppose x - 12 = -3*j + 9, 0 = -x - 2*j + h. What is the remainder when 10 is divided by x?
4
Let s(t) = 11*t**3 - t**2 + t - 1. Let l(r) = r**2 - r + 1. Let k(a) = l(a) + s(a). What is the remainder when k(1) is divided by 3?
2
Calculate the remainder when 4/(-6) + (-130)/(-6) is divided by -5 - (-176)/8 - 6.
10
Let z be -4 + -1 + 2 - 9. Let o(h) = -6*h - 1. Let q be o(-4). Let g = z + q. Calculate the remainder when g is divided by 4.
3
Let y = -2 + 4. Suppose -5*c + 4*m = 10, 5*c + 2*m = 4*m. What is the remainder when y is divided by c?
0
Let l(o) = -o**2 + 11*o - 12. Let f be l(9). Calculate the remainder when 38 is divided by (-50)/(-4) + 3/f.
12
Let g(i) = -6*i - 24. Calculate the remainder when g(-7) is divided by 5.
3
Suppose 0 = -v + 2 + 3. What is the remainder when (-2)/7 + (-51)/(-7) is divided by v?
2
Let b = 8 + -7. Calculate the remainder when (1 + -2 - -2)*31 is divided by b*6*2 - 1.
9
Suppose -3*l = 3*l - 144. Calculate the remainder when 45 is divided by l.
21
Let r = 39 + -22. Let i(z) = -z**3 + 13*z**2 + 2*z + 6. What is the remainder when i(13) is divided by r?
15
Let u be (-1 - -6)*4/10. Let s = u - -22. Calculate the remainder when 47 is divided by s.
23
Suppose -1 = -2*i + 11. Let k = 20 + -11. What is the remainder when (15/i)/((-3)/(-30)) is divided by k?
7
Suppose -22*g - 77 = -429. Calculate the remainder when g is divided by 11.
5
Suppose -8 = -4*l, 4*g + l - 61 = -15. Calculate the remainder when 37 is divided by g.
4
Let t(o) = -3*o - 2. Calculate the remainder when 14 is divided by t(-2).
2
Suppose -4*u + 0*u + 900 = 0. Let t = u - 147. Calculate the remainder when t is divided by 20.
18
Suppose 0*o - 784 = -5*a + o, 0 = -4*a + 5*o + 623. Calculate the remainder when a is divided by 16.
13
Let t = 9 - -3. Let n = 16 - 18. Calculate the remainder when (4/n - -1) + 36 is divided by t.
11
Let b(h) be the first derivative of 1 + 0*h - 41/2*h**2. What is the remainder when b(-1) is divided by 14?
13
Let o be (96/56)/(2/(-21)). Let q = o - -26. Let l = 89 - 59. Calculate the remainder when l is divided by q.
6
Suppose -4*k - 3 = 17, -3*j = 5*k + 13. Suppose -j*p - p = -115. Suppose 35 = 2*f - 3*r, 2 = 3*f + r - p. Calculate the remainder when 19 is divided by f.
9
Suppose -11*v = -5*v - 204. Let m = 46 - 28. What is the remainder when v is divided by m?
16
Suppose -1043 = -8*p + p. Calculate the remainder when p is divided by 25.
24
Let a(i) = 6*i + 2. Calculate the remainder when 126 is divided by a(5).
30
Suppose 3 = -5*y + 48. Let x = -7 - -12. Calculate the remainder when y is divided by x.
4
Let c = 492 - 292. Let z = c + -142. Calculate the remainder when z is divided by 20.
18
Let v(b) = -b**2 - 12*b - 1. Let m = -1 + 1. Suppose -j - 9 = -m*j. What is the remainder when v(j) is divided by 14?
12
Let t(h) be the second derivative of -h**4/12 + 5*h**3/3 - 9*h**2/2 - 4*h. What is the remainder when 43 is divided by t(6)?
13
Let m = -30 - -92. What is the remainder when m is divided by 16?
14
Suppose -49*t = -45*t - 344. What is the remainder when t is divided by 23?
17
Let p = -6 - -12. Suppose p*k - 5 = 5*k. Calculate the remainder when 19 is divided by k.
4
Let f(l) = 139*l. Let q be f(1). Let w = q - 85. What is the remainder when w is divided by 14?
12
Suppose 0 = -h - 1 + 14. Calculate the remainder when 24 is divided by h.
11
Suppose 3*i + q - 24 = 3*q, -q = 5*i - 27. Let f = 15 - i. Suppose 5*j - 3*h - 145 = -6*h, 2*j + 5*h = 77. What is the remainder when j is divided by f?
8
Suppose 5*w + a = 2*a - 15, 0 = -5*a. What is the remainder when 54 is divided by 1/(w/(-36)) + 2?
12
Suppose -4 - 3 = -l. Suppose l + 5 = 2*b. What is the remainder when 49 is divided by ((-3)/b)/((-2)/68)?
15
Suppose 15 = -3*b + 8*b. Calculate the remainder when 11 is divided by b.
2
Suppose 4*x - 1 + 8 = -3*h, h = -5*x + 5. Suppose -3*u + x*u = -2*w - 39, -3*w - 181 = -4*u. Calculate the remainder when u is divided by (17/(-4))/(-1)*4.
15
Let v = -4 - 5. Let x = 11 - v. What is the remainder when 57 is divided by x?
17
Let r be (-2*1)/((-6)/9). Let u be 88 - (-2 + 2)/2. Suppose -g + u = r*g. Calculate the remainder when g is divided by 8.
6
Let q(h) be the first derivative of 2*h**3